e 4, what is 23023213 + 2?
23023221
In base 6, what is -4 + 1032052?
1032044
In base 8, what is 1222 - 3570?
-2346
In base 12, what is -3944a6 - -3?
-3944a3
In base 6, what is 1044 + 101355?
102443
In base 9, what is -535 - 6?
-542
In base 5, what is 12122112 + 4?
12122121
In base 8, what is -36311 + 201?
-36110
In base 6, what is -2424 + -412?
-3240
In base 7, what is 1 + -423053?
-423052
In base 10, what is 1251 + -5?
1246
In base 4, what is 1310 + 1013?
2323
In base 9, what is -6165 + 888?
-5166
In base 10, what is 608 + 492?
1100
In base 13, what is 3702c4 - 3?
3702c1
In base 3, what is 1022110 - 2222?
1012111
In base 4, what is 3 - 1230111100?
-1230111031
In base 7, what is -11021 + 51?
-10640
In base 3, what is -1212011110002 + 2?
-1212011110000
In base 15, what is 1 - -1ce9?
1cea
In base 4, what is -2 - -1300302?
1300300
In base 9, what is -16 - 327?
-344
In base 11, what is -11 + -12084?
-12095
In base 2, what is 1101 - 1110010010101101?
-1110010010100000
In base 12, what is 2 - -77?
79
In base 12, what is 277 + 2ba3?
325a
In base 9, what is 674 + -102?
572
In base 7, what is 210 - 240?
-30
In base 3, what is -211201 + 11210112?
10221211
In base 15, what is 455b - -bc?
4628
In base 12, what is -34b455 - -2?
-34b453
In base 3, what is 21 - -1222111?
1222202
In base 6, what is 3225435 - 1?
3225434
In base 7, what is -324 - -11201?
10544
In base 14, what is 369 + -2?
367
In base 4, what is -11 + 1010012011?
1010012000
In base 6, what is -25 - -1120?
1051
In base 2, what is -1010001111110000110 + 1101?
-1010001111101111001
In base 10, what is 3 + 33509?
33512
In base 13, what is -624 + -141?
-765
In base 8, what is -2 - 70450?
-70452
In base 10, what is 51 + 992?
1043
In base 10, what is -163267 - -3?
-163264
In base 7, what is -1253 + -3362?
-4645
In base 8, what is 51576 + -12?
51564
In base 8, what is 557752 - 4?
557746
In base 13, what is -16752 + -8?
-1675a
In base 14, what is -15b + 18d?
32
In base 13, what is 60 - 8058?
-7cc8
In base 3, what is 2010202002 - -12?
2010202021
In base 13, what is 20142 + 27?
20169
In base 12, what is -2936 - 58?
-2992
In base 5, what is 144140 + -111?
144024
In base 8, what is 5627 + -15?
5612
In base 2, what is 100010111110110001 - 1?
100010111110110000
In base 7, what is -15 + 6315?
6300
In base 6, what is -24404254 + 2?
-24404252
In base 15, what is 17e + -3?
17b
In base 8, what is 110 - -35?
145
In base 11, what is 15528 - 8?
15520
In base 15, what is 67b + 369?
9e5
In base 7, what is 16351 - 15?
16333
In base 12, what is bbb - -37?
1036
In base 7, what is -1 + -3200562?
-3200563
In base 10, what is 52 - 335?
-283
In base 3, what is -1 + 12021010?
12021002
In base 6, what is 4104 - 11?
4053
In base 4, what is 203303 - -113?
210022
In base 15, what is 60b5 + -2?
60b3
In base 8, what is 16366 - -4?
16372
In base 15, what is -36c - -2be?
-9d
In base 10, what is 9 - 1738?
-1729
In base 13, what is -59a + -74a?
-1017
In base 11, what is -a2 + -25?
-117
In base 3, what is 0 - 100120110101?
-100120110101
In base 9, what is -21 - -46273?
46252
In base 3, what is 12011211 + -2101?
12002110
In base 7, what is 3 + -3322031?
-3322025
In base 7, what is -253 - -2362?
2106
In base 7, what is -163 + 511?
315
In base 5, what is -200012320 - -3?
-200012312
In base 6, what is 21515524 - -1?
21515525
In base 8, what is 367 + -23?
344
In base 7, what is 164655 + -4?
164651
In base 7, what is 2162 - 506?
1353
In base 5, what is 130 - 4202?
-4022
In base 10, what is 19704 + 3?
19707
In base 14, what is c7b + -3a?
c41
In base 9, what is 112 - -21483?
21605
In base 9, what is -1278 - 546?
-1835
In base 5, what is -3 + -2023322?
-2023330
In base 11, what is 4 - -11386?
1138a
In base 5, what is 132 - 11303?
-11121
In base 2, what is -10 - -11110001?
11101111
In base 5, what is 3412 + 1312?
10224
In base 7, what is 542535 + 1?
542536
In base 14, what is 45 - 102?
-9b
In base 7, what is 26123 + -61?
26032
In base 3, what is -100 - -22120010?
22112210
In base 13, what is 73 - -12c6?
1369
In base 16, what is -1a2 - -9a?
-108
In base 5, what is -1042343 + -32?
-1042430
In base 3, what is 12021110 - 1110?
12020000
In base 3, what is 211 - -111021111000?
111021111211
In base 16, what is -10ab1 + -2?
-10ab3
In base 5, what is -41 + 4203?
4112
In base 2, what is 100100110000 - -100101?
100101010101
In base 15, what is 4 - 8942?
-893d
In base 13, what is -43 - -162?
11c
In base 14, what is -6614 + -1?
-6615
In base 4, what is -1320011 + -12023?
-1332100
In base 14, what is 1ad + 164?
333
In base 9, what is -123 - 1773?
-2006
In base 3, what is -1201101 + 2001010?
22202
In base 14, what is cb1 - -3?
cb4
In base 7, what is -464 + 5020?
4223
In base 14, what is 9c3 - -128?
b0b
In base 3, what is 2 - -11102?
11111
In base 11, what is 897 - -1?
898
In base 3, what is -1 - -20211111?
20211110
In base 7, what is 2555 + 126?
3014
In base 10, what is 205469 - -3?
205472
In base 12, what is 1a22 + -5?
1a19
In base 5, what is 2 - 3320111?
-3320104
In base 2, what is 101011011001011 - 101000?
101011010100011
In base 3, what is -10 - -2200112022?
2200112012
In base 11, what is -4091 + -7?
-4098
In base 6, what is 114 - 100323?
-100205
In base 14, what is -1a - -532?
516
In base 8, what is -7463473 + -4?
-7463477
In base 3, what is -1122220211 + -22?
-1122221010
In base 6, what is 101501 + 1?
101502
In base 12, what is -1 + 684aa?
684a9
In base 11, what is -71557 - -1?
-71556
In base 6, what is 110 + 11423?
11533
In base 10, what is 2287 + 14?
2301
In base 11, what is 93 - 41?
52
In base 10, what is 407 - 13938?
-13531
In base 2, what is 10111010110001001011001 - 0?
10111010110001001011001
In base 14, what is -4 - c2b73?
-c2b77
In base 7, what is -3204 + -4214?
-10421
In base 6, what is 15 - 1313121?
-1313102
In base 10, what is 2979 + -2?
2977
In base 8, what is 10 - 35062?
-35052
In base 3, what is -22211110102 - -11?
-22211110021
In base 11, what is 6 + 4532?
4538
In base 3, what is -22 + -10210010?
-10210102
In base 7, what is -116 + -14032?
-14151
In base 10, what is 3 - -334922?
334925
In base 12, what is 3 - 2b7a?
-2b77
In base 10, what is 52695 - -3?
52698
In base 4, what is 111 + 30021?
30132
In base 8, what is 74 - -3557?
3653
In base 11, what is -59 - 1061?
-110a
In base 3, what is 2110101220 - 11?
2110101202
In base 3, what is -212 + -112120202?
-112121121
In base 4, what is 332320120 + 0?
332320120
In base 7, what is -1 - 26410?
-26411
In base 12, what is 79b + 101?
8a0
In base 3, what is -1110122112201 + -101?
-1110122120002
In base 7, what is 142651 + 1?
142652
In base 15, what is -d - -3742?
3734
In base 10, what is -7 - -1932?
1925
In base 2, what is -1100010 - 11111100111?
-100001001001
In base 9, what is 5 + 22333?
22338
In base 4, what is -1011330 + 1101?
-1010223
In base 7, what is 6424 - -1226?
10653
In base 15, what is -994 + 4e?
-945
In base 7, what is -14403 + 4?
-14366
In base 6, what is -21 - -1153?
1132
In base 15, what is -32 - -128?
e6
In base 15, what is -1 - 4964?
-4965
In base 10, what is -4 - 15314?
-15318
In base 3, what is 1111121211 + 20?
1111122001
In base 4, what is -13330210 - 10?
-13330220
In base 14, what is -2 + 21a1?
219d
In base 15, what is -322b8 - 10?
-322c8
In base 12, what is 16b08 - -36?
16b42
In base 8, what is 3671 + 413?
4304
In base 16, what is f65 + 4d?
fb2
In base 16, what is -e43 + -1a?
-e5d
In base 11, what is 4 + -47601?
-475a8
In base 15, what is -2 - bda?
-bdc
In base 8, what is -2540 + 10?
-2530
In base 10, what is -12969 - 9?
-12978
In base 4, what is 320 - -10101103?
10102023
In base 7, what is -2 - 2561505?
-2561510
In base 11, what is 49351 - -7?
49358
In base 3, what is 1212022002 - 2211?
1212012021
In base 16, what is -1 - -3075?
3074
In base 16, what is 531 + -3?
52e
In base 9, what is -1550 + -3?
-1553
In base 16, what is 2f - dbd2?
-dba3
In base 4, what is 1 + 111133120?
111133121
In base 16, what is -4 + -c9d3?
-c9d7
In base 15, what is 2c - -825?
852
In base 7, what is -4 - 1056633?
-1056640
In base 7, what is 213203 - -2?
213205
In base 14, what is 2d7a - 2a?
2d50
In base 3, what is -220 + 2220010?
2212020
In base 10, what is -391412 - 5?
-391417
In base 10, what is 20977 - -2?
20979
In base 5, what is -3003124 - 0?
-3003124
In base 3, what is -10112220000220 - -2?
-1011